of z.
11
Suppose 11*g = -3*g + 2394. What are the prime factors of g?
3, 19
Let j = -2 + 4. Let a(r) = 4*r + 5*r - r**j - 1 + 3. List the prime factors of a(8).
2, 5
Suppose -569 = -5*b + 16. List the prime factors of b.
3, 13
Suppose 23 = 4*b - 77. List the prime factors of b.
5
Suppose 2*i = -3*g + 21, 3*g - 3*i - 11 = -g. What are the prime factors of g?
5
Suppose -2*n + 0*h = 3*h - 2, 1 = -n - h. Let z(s) = 4*s + 0*s**3 + 6 - s**3 - 3*s**2 - s**2. List the prime factors of z(n).
11
Let w be 35 - (2 + -3 + 0). Suppose -68 = -5*k + 6*b - 2*b, -w = -3*k + 4*b. Suppose k = 6*x - 4*x. List the prime factors of x.
2
Let y(n) = n**3 + 4*n**2 + 4*n + 3. Let j = -11 + 8. Let x be y(j). Suppose -2*h - 3*h - 3*f + 38 = x, h - 10 = -3*f. What are the prime factors of h?
7
Let s(y) = -y**2 + 12*y - 5. Let o(z) be the third derivative of -z**4/12 - 2*z**3/3 + 4*z**2. Let x be o(-7). What are the prime factors of s(x)?
3, 5
Let m = 134 + -41. What are the prime factors of m?
3, 31
Suppose 4*k - t - 943 = 0, -3*k - 2*t + 1120 = 399. List the prime factors of k.
3, 79
Let o(x) = -x**3 + 11*x**2 + 12*x + 29. List the prime factors of o(12).
29
Let h = 29 - -45. List the prime factors of h.
2, 37
Suppose 3*k = 3*g - 1023, -5*k + 0*k + 689 = 2*g. Let m be g/21 - (-2)/(-7). Suppose 2*j = 4*j - m. List the prime factors of j.
2
Suppose 3*a - 36 = 87. What are the prime factors of a?
41
Let i(x) = x**2 + x - 16. List the prime factors of i(4).
2
List the prime factors of (7/(-1))/(8/(-40)).
5, 7
Let m = -51 - -75. What are the prime factors of m?
2, 3
Let l(m) = m**2 + 5*m + 4. Suppose -2*s = -3*s - 4. Let o be 1/(-4) - (-19)/s. List the prime factors of l(o).
2
Suppose -4*t = -t + 9. Let d(c) = c - 3. Let m be d(0). List the prime factors of t/(-3 - 6/m).
3
Suppose 0 = f - 3*f. Let t = -2 - -6. Suppose -a - t*o + 4 = f, 3*a + 2*a - 56 = -2*o. What are the prime factors of a?
2, 3
Let v = -19 + 16. List the prime factors of 132*v*(-3)/27.
2, 11
Suppose 2*i + 17 = -v, -4*v + 0*v + 9 = -3*i. Let a = i - -22. What are the prime factors of a?
3, 5
Let q(p) = 5*p**2 + 2*p - 2. List the prime factors of q(1).
5
Let x = -1 + -7. Let c(a) = a**2 + 5*a - 2. What are the prime factors of c(x)?
2, 11
Let i(g) = -g**3 - 4*g**2 - 3*g - 6. Let c be i(-4). Suppose 0 = c*z - 2*z - 60. List the prime factors of z.
3, 5
Suppose 0*t + 10*t = 3490. What are the prime factors of t?
349
What are the prime factors of -71*1*(4 + -5)?
71
Suppose v + 2 = -2, 4*v = t - 20. List the prime factors of 34/t*(13 + -11).
17
Suppose -5*w - 15 = -0*w, 11 = f - 3*w. Let o(v) = 4 + 3 - f + v - 1. What are the prime factors of o(5)?
3
Let g = -3 - -219. List the prime factors of g.
2, 3
Let l(k) = k**3 + 6*k**2 + 7*k + 8. Let u be l(-6). Let c = 47 + u. List the prime factors of c.
13
Suppose -5*y = 3*g - 28, 8*y = -2*g + 3*y + 22. Suppose -55 - g = -f. Suppose 22 = 2*s + 4*u, 0 = -5*s + u - 5*u + f. List the prime factors of s.
13
Let y(x) = x**3 + 2*x**2 - x + 2. Let u be y(-3). Let z be -3*2*(-2)/u. List the prime factors of 4/6 - 19/z.
7
Let w(o) be the third derivative of -o**6/120 - o**5/20 + 7*o**4/24 + 5*o**3/6 - 4*o**2. List the prime factors of w(-5).
2, 5
What are the prime factors of 73 - (3 + -4 - -2)?
2, 3
Let g(r) = r - 6. Let o be g(6). Suppose m - 3*d + 0*d - 14 = o, 0 = 3*m - 4*d - 22. Suppose m*b + 7*a - 10 = 3*a, 4*a - 21 = -3*b. List the prime factors of b.
11
Let g be 22*(-3)/((-12)/8). Suppose q - 5*q + g = 0. What are the prime factors of q?
11
Let i be (-4)/10 - (-7)/5. Suppose 0 = -n - i + 2. Let j = 3 - n. List the prime factors of j.
2
Let j = 192 - 136. What are the prime factors of j?
2, 7
Suppose -g = -0*g + 15. Let s be (-380)/g - 2/6. Let j = s - 10. What are the prime factors of j?
3, 5
Let l(v) = v**3 - 13*v**2 - 7*v - 16. What are the prime factors of l(14)?
2, 41
List the prime factors of (-2379)/(-26)*(2 + -2 + 2).
3, 61
Let f(y) be the first derivative of y**3/3 + y**2 - 2. Let k be f(-2). Suppose k - 25 = -5*x. What are the prime factors of x?
5
Let h(y) = -y + 9. Let a be h(7). Let q(f) = 4 + f - a*f - 1. What are the prime factors of q(0)?
3
Suppose 2*x = 2 - 4. What are the prime factors of (-3)/(-1) - (-10 + x)?
2, 7
Let d(b) = 5*b. Let u be d(-2). What are the prime factors of 4/2*(-175)/u?
5, 7
What are the prime factors of (-4 - 7/(-21))*-12*6?
2, 3, 11
Let q(d) = 5*d**2 - d. Suppose -p + z + 3 = 0, p = 6*p + 4*z + 21. Let m be q(p). Suppose m = -y + 2*y. List the prime factors of y.
2, 3
Let r(j) = -j**2 - 6*j - 4. Let b be r(-4). Suppose -4*d - d + 86 = b*x, 3*x - 68 = -2*d. Let v = -16 + x. List the prime factors of v.
2
Suppose z - 228 = -5*s + 15, -5*z + 1284 = 2*s. List the prime factors of z.
2, 3, 43
Let c = 39 - -100. List the prime factors of c.
139
Suppose -j = -4*j + 111. What are the prime factors of j?
37
Let u = 159 - 124. List the prime factors of u.
5, 7
Suppose -2*r + t = -3*r - 5, -3*r + 2*t = -10. Let b = 0 + r. Suppose b*f = 5*f - 55. List the prime factors of f.
11
Suppose 8*m - 590 - 210 = 0. What are the prime factors of m?
2, 5
Let u = -2 - -4. Let j = 16 + -8. Suppose 3*v - 2*r = r + 21, j = -v - u*r. List the prime factors of v.
2
Let c(b) = -4*b + 8. Let i(s) = -1. Let h(d) = -2*c(d) - 18*i(d). Let y be h(-2). Let a = -2 - y. List the prime factors of a.
2, 3
Let d be 9/5 + 1/5. Suppose -2*i + 26 = -n + 4*n, 0 = -4*i + d*n + 52. List the prime factors of i.
13
Suppose 4*d + 24 = -2*p + p, 4*d = -4*p - 36. Let v be (-2)/(-10) - 14/d. Suppose -v*i = -4*w + 57, 4*i + 2 = -10. List the prime factors of w.
2, 3
Suppose 9*m - 2*x = 4*m - 35, 2*m - 3*x = -14. Let s = m - -11. Suppose -2*t = -o - 12, -s*t + 0*o + 24 = 5*o. What are the prime factors of t?
2, 3
Let v(s) = -s**3 - 4*s**2 + 4*s + 1. Let k be v(-5). Suppose 8*w - 60 = k*w. What are the prime factors of w?
2, 3, 5
Let q(u) be the first derivative of u**2/2 + 5*u + 1. Let m be q(-4). What are the prime factors of (-3)/3 - (m + -4)?
2
Let h(f) = 0 + 5*f - 2 + f**2 + f. Let u be h(-6). Let c = u - -15. What are the prime factors of c?
13
Let n be (4/(-3))/(2/(-3)). Suppose -2*g + 3*g = 3*c - 33, 4*g + 12 = n*c. What are the prime factors of c?
2, 3
Suppose -3*s - 23 + 4 = 2*a, 4*s + 5*a + 30 = 0. Let h be 1*s - (-3 - -3). List the prime factors of 272/20 + (-2)/h.
2, 7
Let x = 10 - -16. What are the prime factors of x?
2, 13
Let t be (-18)/(-4)*2/3. List the prime factors of t*1/((-6)/(-40)).
2, 5
Let u(t) = -t + 10. Suppose 0 = -3*r - 44 + 17. What are the prime factors of u(r)?
19
Let y be 320/12*9/3. Suppose 2*g - y = -5*d - 3*g, 2*d + 3*g - 36 = 0. List the prime factors of d.
2, 3
Let g be 52/2 - (-1 - 1). Suppose -4*x + 2*f = -3*f - g, -3*x - 2*f = -21. List the prime factors of 2 + x + 2/(-1).
7
Suppose 6*w - 156 = 3*w. Suppose -g = -4*x + w, -6*x + 4*g = -x - 54. List the prime factors of x.
2, 7
Let b(g) = -28*g. Suppose j = v, 5*v - 3*j + j + 3 = 0. What are the prime factors of b(v)?
2, 7
Let a = -8 + 8. Suppose -5*q - 5 = a, -4*l - 41 = -5*l - 2*q. What are the prime factors of l?
43
What are the prime factors of 3534/24 + 1/(-4)?
3, 7
Suppose -f - f = -5*s + 9, 5*s - 15 = 0. Let z(b) = b**3 - 2*b**2 - 3*b + 4. Let p be z(f). Suppose -p*t + 1 = -11. What are the prime factors of t?
3
Let x(w) = -w**3 + 7*w**2 - 5*w - 1. Let r be x(6). Suppose 4*c - 2*c = -3*l + 3, c + r*l = 5. Suppose c = -p - 2*p + 18. What are the prime factors of p?
2, 3
Let f = -1 + 11. List the prime factors of f.
2, 5
Let q(g) = 2*g**3 - 1 + 6*g**3 - 4*g**3. List the prime factors of q(1).
3
Suppose 5*i - r = 20, -4*i - 5*r + 0*r - 13 = 0. Suppose 0 = i*j + 2*j. List the prime factors of j*(-2)/(-6) + 6.
2, 3
Let w(l) = l**3 + l**2 + l + 167. Let r be w(0). Suppose 262 = 5*c - 3*k, -r = -4*c + 2*k + 43. List the prime factors of c.
53
Suppose 0*r - 2 = 2*r. Let o(t) = -t**2 + t - 1. Let f(p) = -6*p**2 + 9*p - 11. Let z(b) = r*f(b) + 5*o(b). List the prime factors of z(5).
11
Suppose 0 = -3*g + g - 3*w + 151, 2*w - 314 = -4*g. Suppose 0 = 5*o + 3*b - 80, 4*b - g = -5*o - b. What are the prime factors of o?
2
Let b be -1 + 2 + (-8)/2. Let y = 3 + b. Let o = 4 + y. List the prime factors of o.
2
Let p(a) = a**3 - 5*a**2 + 2*a - 6. Let c be p(5). Suppose -159 = -5*o + c*s, -5*o = -2*o + s 